{"id":2,"date":"2016-01-06T13:45:46","date_gmt":"2016-01-06T13:45:46","guid":{"rendered":"http:\/\/dentario.themerex.net\/?page_id=2"},"modified":"2020-11-05T00:40:58","modified_gmt":"2020-11-05T03:40:58","slug":"home-1","status":"publish","type":"page","link":"https:\/\/clinicarestaure.com.br\/","title":{"rendered":"Home 1"},"content":{"rendered":"<p>[vc_row full_width=&#8221;stretch_row_content_no_spaces&#8221;][vc_column]<div class=\"columns_wrap sc_columns columns_fluid autoheight no_margins sc_columns_count_3\"><div class=\"column-1_3 sc_column_item sc_column_item_1 odd first\"><div class=\"sc_column_item_inner\" style=\"background-color:#0f2c4f;\">[vc_empty_space el_class=&#8221;hidden-xs&#8221;]<div id=\"sc_services_1963464870_wrap\" class=\"sc_services_wrap sc_services_inverse\"><div id=\"sc_services_1963464870\" class=\"sc_services sc_services_style_services-5 sc_services_type_icons \" style=\"width:100%;\">\t\t\t<div id=\"sc_services_1963464870_1\"\t\t\t\tclass=\"sc_services_item sc_services_item_1 odd first\"\n\t\t\t\t>\n\t\t\t\t<a href=\"https:\/\/clinicarestaure.com.br\/?services=enxertos-osseos\"><span class=\"sc_icon icon-medic-3\"><\/span><\/a>\t\t\t\t<div class=\"sc_services_item_content\">\n\t\t\t\t\t<h4 class=\"sc_services_item_title\"><a href=\"https:\/\/clinicarestaure.com.br\/?services=enxertos-osseos\">Enxertos \u00d3sseos<\/a><\/h4>\n\t\t\t\t\t<div class=\"sc_services_item_description\">\n\t\t\t\t\t\t<p>Seu sorriso mais branco com esse tratamento.<\/p><a href=\"https:\/\/clinicarestaure.com.br\/?services=enxertos-osseos\" class=\"sc_services_item_readmore\">Saiba mais<span class=\"icon-right\"><\/span><\/a>\t\t\t\t\t<\/div>\n\t\t\t\t<\/div>\n\t\t\t<\/div>\n\t\t<\/div><!-- \/.sc_services --><\/div><!-- \/.sc_services_wrap -->[vc_empty_space el_class=&#8221;hidden-xs&#8221;]<\/div><\/div><div class=\"column-1_3 sc_column_item sc_column_item_2 even\"><div class=\"sc_column_item_inner\" style=\"background-color:#194881;\">[vc_empty_space el_class=&#8221;hidden-xs&#8221;]<div id=\"sc_services_201929125_wrap\" class=\"sc_services_wrap sc_services_inverse\"><div id=\"sc_services_201929125\" class=\"sc_services sc_services_style_services-5 sc_services_type_icons \" style=\"width:100%;\">\t\t\t<div id=\"sc_services_201929125_1\"\t\t\t\tclass=\"sc_services_item sc_services_item_1 odd first\"\n\t\t\t\t>\n\t\t\t\t<a href=\"https:\/\/clinicarestaure.com.br\/?services=facetas-de-porcelana-e-lentes-de-contatos\"><span class=\"sc_icon icon-medic-3\"><\/span><\/a>\t\t\t\t<div class=\"sc_services_item_content\">\n\t\t\t\t\t<h4 class=\"sc_services_item_title\"><a href=\"https:\/\/clinicarestaure.com.br\/?services=facetas-de-porcelana-e-lentes-de-contatos\">Facetas de Porcelana e Lentes de Contatos<\/a><\/h4>\n\t\t\t\t\t<div class=\"sc_services_item_description\">\n\t\t\t\t\t\t<p>Seu sorriso mais branco com esse tratamento.<\/p><a href=\"https:\/\/clinicarestaure.com.br\/?services=facetas-de-porcelana-e-lentes-de-contatos\" class=\"sc_services_item_readmore\">Saiba mais<span class=\"icon-right\"><\/span><\/a>\t\t\t\t\t<\/div>\n\t\t\t\t<\/div>\n\t\t\t<\/div>\n\t\t<\/div><!-- \/.sc_services --><\/div><!-- \/.sc_services_wrap -->[vc_empty_space el_class=&#8221;hidden-xs&#8221;]<\/div><\/div><div class=\"column-1_3 sc_column_item sc_column_item_3 odd\"><div class=\"sc_column_item_inner\" style=\"background-color:#0f2c4f;\">[vc_empty_space el_class=&#8221;hidden-xs&#8221;]<div id=\"sc_services_1258896400_wrap\" class=\"sc_services_wrap sc_services_inverse\"><div id=\"sc_services_1258896400\" class=\"sc_services sc_services_style_services-5 sc_services_type_icons \" style=\"width:100%;\">\t\t\t<div id=\"sc_services_1258896400_1\"\t\t\t\tclass=\"sc_services_item sc_services_item_1 odd first\"\n\t\t\t\t>\n\t\t\t\t<a href=\"https:\/\/clinicarestaure.com.br\/?services=dtm\"><span class=\"sc_icon icon-medic-12\"><\/span><\/a>\t\t\t\t<div class=\"sc_services_item_content\">\n\t\t\t\t\t<h4 class=\"sc_services_item_title\"><a href=\"https:\/\/clinicarestaure.com.br\/?services=dtm\">DTM<\/a><\/h4>\n\t\t\t\t\t<div class=\"sc_services_item_description\">\n\t\t\t\t\t\t<p>N\u00e3o tem cura, mas pode ser tratada e controlada.<\/p><a href=\"https:\/\/clinicarestaure.com.br\/?services=dtm\" class=\"sc_services_item_readmore\">Saiba mais<span class=\"icon-right\"><\/span><\/a>\t\t\t\t\t<\/div>\n\t\t\t\t<\/div>\n\t\t\t<\/div>\n\t\t<\/div><!-- \/.sc_services --><\/div><!-- \/.sc_services_wrap -->[vc_empty_space el_class=&#8221;hidden-xs&#8221;]<\/div><\/div><\/div>[\/vc_column][\/vc_row][vc_row full_width=&#8221;stretch_row&#8221; css=&#8221;.vc_custom_1455704765009{background-color: #fbfdfd !important;}&#8221;][vc_column]<div id=\"sc_services_1949274274_wrap\" class=\"sc_services_wrap\"><div id=\"sc_services_1949274274\" class=\"sc_services sc_services_style_services-1 sc_services_type_icons  margin_top_huge margin_bottom_large\" style=\"width:100%;\"><h2 class=\"sc_services_title sc_item_title\">Tratamentos<\/h2><div class=\"sc_services_descr sc_item_descr\">Confira nossas especialidades<\/div><div class=\"sc_columns columns_wrap\"><div class=\"column-1_3 column_padding_bottom\">\t\t\t<div id=\"sc_services_1949274274_1\"\t\t\t\tclass=\"sc_services_item sc_services_item_1 odd first\"\n\t\t\t\t>\n\t\t\t\t<a href=\"https:\/\/clinicarestaure.com.br\/?services=enxertos-osseos\"><span class=\"sc_icon icon-medic-3\"><\/span><\/a>\t\t\t\t<div class=\"sc_services_item_content\">\n\t\t\t\t\t<h4 class=\"sc_services_item_title\"><a href=\"https:\/\/clinicarestaure.com.br\/?services=enxertos-osseos\">Enxertos \u00d3sseos<\/a><\/h4>\n\t\t\t\t\t<div class=\"sc_services_item_description\">\n\t\t\t\t\t\t<p>Seu sorriso mais branco com esse tratamento.<\/p>\t\t\t\t\t<\/div>\n\t\t\t\t<\/div>\n\t\t\t<\/div>\n\t\t<\/div><div class=\"column-1_3 column_padding_bottom\">\t\t\t<div id=\"sc_services_1949274274_2\"\t\t\t\tclass=\"sc_services_item sc_services_item_2 even\"\n\t\t\t\t>\n\t\t\t\t<a href=\"https:\/\/clinicarestaure.com.br\/?services=facetas-de-porcelana-e-lentes-de-contatos\"><span class=\"sc_icon icon-medic-3\"><\/span><\/a>\t\t\t\t<div class=\"sc_services_item_content\">\n\t\t\t\t\t<h4 class=\"sc_services_item_title\"><a href=\"https:\/\/clinicarestaure.com.br\/?services=facetas-de-porcelana-e-lentes-de-contatos\">Facetas de Porcelana e Lentes de Contatos<\/a><\/h4>\n\t\t\t\t\t<div class=\"sc_services_item_description\">\n\t\t\t\t\t\t<p>Seu sorriso mais branco com esse tratamento.<\/p>\t\t\t\t\t<\/div>\n\t\t\t\t<\/div>\n\t\t\t<\/div>\n\t\t<\/div><div class=\"column-1_3 column_padding_bottom\">\t\t\t<div id=\"sc_services_1949274274_3\"\t\t\t\tclass=\"sc_services_item sc_services_item_3 odd\"\n\t\t\t\t>\n\t\t\t\t<a href=\"https:\/\/clinicarestaure.com.br\/?services=implantes-com-carga-imediata\"><span class=\"sc_icon icon-medic-1\"><\/span><\/a>\t\t\t\t<div class=\"sc_services_item_content\">\n\t\t\t\t\t<h4 class=\"sc_services_item_title\"><a href=\"https:\/\/clinicarestaure.com.br\/?services=implantes-com-carga-imediata\">Implantes com Carga Imediata<\/a><\/h4>\n\t\t\t\t\t<div class=\"sc_services_item_description\">\n\t\t\t\t\t\t<p>Implante dent\u00e1rio com qualidade e aten\u00e7\u00e3o para as necessidades de cada paciente.<\/p>\t\t\t\t\t<\/div>\n\t\t\t\t<\/div>\n\t\t\t<\/div>\n\t\t<\/div><div class=\"column-1_3 column_padding_bottom\">\t\t\t<div id=\"sc_services_1949274274_4\"\t\t\t\tclass=\"sc_services_item sc_services_item_4 even\"\n\t\t\t\t>\n\t\t\t\t<a href=\"https:\/\/clinicarestaure.com.br\/?services=cirurgias-de-extracao-dentaria\"><span class=\"sc_icon icon-medic-3\"><\/span><\/a>\t\t\t\t<div class=\"sc_services_item_content\">\n\t\t\t\t\t<h4 class=\"sc_services_item_title\"><a href=\"https:\/\/clinicarestaure.com.br\/?services=cirurgias-de-extracao-dentaria\">Cirurgias de extra\u00e7\u00e3o dent\u00e1ria<\/a><\/h4>\n\t\t\t\t\t<div class=\"sc_services_item_description\">\n\t\t\t\t\t\t<p>Seu Siso est\u00e1 incomodando ? Agende uma consulta conosco!<\/p>\t\t\t\t\t<\/div>\n\t\t\t\t<\/div>\n\t\t\t<\/div>\n\t\t<\/div><div class=\"column-1_3 column_padding_bottom\">\t\t\t<div id=\"sc_services_1949274274_5\"\t\t\t\tclass=\"sc_services_item sc_services_item_5 odd\"\n\t\t\t\t>\n\t\t\t\t<a href=\"https:\/\/clinicarestaure.com.br\/?services=dtm\"><span class=\"sc_icon icon-medic-12\"><\/span><\/a>\t\t\t\t<div class=\"sc_services_item_content\">\n\t\t\t\t\t<h4 class=\"sc_services_item_title\"><a href=\"https:\/\/clinicarestaure.com.br\/?services=dtm\">DTM<\/a><\/h4>\n\t\t\t\t\t<div class=\"sc_services_item_description\">\n\t\t\t\t\t\t<p>N\u00e3o tem cura, mas pode ser tratada e controlada.<\/p>\t\t\t\t\t<\/div>\n\t\t\t\t<\/div>\n\t\t\t<\/div>\n\t\t<\/div><div class=\"column-1_3 column_padding_bottom\">\t\t\t<div id=\"sc_services_1949274274_6\"\t\t\t\tclass=\"sc_services_item sc_services_item_6 even\"\n\t\t\t\t>\n\t\t\t\t<a href=\"https:\/\/clinicarestaure.com.br\/?services=ortodontia\"><span class=\"sc_icon icon-medic-8\"><\/span><\/a>\t\t\t\t<div class=\"sc_services_item_content\">\n\t\t\t\t\t<h4 class=\"sc_services_item_title\"><a href=\"https:\/\/clinicarestaure.com.br\/?services=ortodontia\">Ortodontia<\/a><\/h4>\n\t\t\t\t\t<div class=\"sc_services_item_description\">\n\t\t\t\t\t\t<p>Conhe\u00e7a mais sobre os nossos tratamentos completos de ortodontia.<\/p>\t\t\t\t\t<\/div>\n\t\t\t\t<\/div>\n\t\t\t<\/div>\n\t\t<\/div><\/div><\/div><!-- \/.sc_services --><\/div><!-- \/.sc_services_wrap -->[\/vc_column][\/vc_row]<\/p>\n","protected":false},"excerpt":{"rendered":"<p>[vc_row full_width=&#8221;stretch_row_content_no_spaces&#8221;][vc_column][\/vc_column][\/vc_row][vc_row full_width=&#8221;stretch_row&#8221; css=&#8221;.vc_custom_1455704765009{background-color: #fbfdfd !important;}&#8221;][vc_column][\/vc_column][\/vc_row]<\/p>\n","protected":false},"author":1,"featured_media":0,"parent":0,"menu_order":0,"comment_status":"closed","ping_status":"closed","template":"","meta":{"spay_email":""},"yst_prominent_words":[],"_links":{"self":[{"href":"https:\/\/clinicarestaure.com.br\/index.php?rest_route=\/wp\/v2\/pages\/2"}],"collection":[{"href":"https:\/\/clinicarestaure.com.br\/index.php?rest_route=\/wp\/v2\/pages"}],"about":[{"href":"https:\/\/clinicarestaure.com.br\/index.php?rest_route=\/wp\/v2\/types\/page"}],"author":[{"embeddable":true,"href":"https:\/\/clinicarestaure.com.br\/index.php?rest_route=\/wp\/v2\/users\/1"}],"replies":[{"embeddable":true,"href":"https:\/\/clinicarestaure.com.br\/index.php?rest_route=%2Fwp%2Fv2%2Fcomments&post=2"}],"version-history":[{"count":42,"href":"https:\/\/clinicarestaure.com.br\/index.php?rest_route=\/wp\/v2\/pages\/2\/revisions"}],"predecessor-version":[{"id":2861,"href":"https:\/\/clinicarestaure.com.br\/index.php?rest_route=\/wp\/v2\/pages\/2\/revisions\/2861"}],"wp:attachment":[{"href":"https:\/\/clinicarestaure.com.br\/index.php?rest_route=%2Fwp%2Fv2%2Fmedia&parent=2"}],"wp:term":[{"taxonomy":"yst_prominent_words","embeddable":true,"href":"https:\/\/clinicarestaure.com.br\/index.php?rest_route=%2Fwp%2Fv2%2Fyst_prominent_words&post=2"}],"curies":[{"name":"wp","href":"https:\/\/api.w.org\/{rel}","templated":true}]}}