{"id":15,"date":"2016-01-11T12:45:49","date_gmt":"2016-01-11T12:45:49","guid":{"rendered":"http:\/\/dentario.themerex.net\/?page_id=15"},"modified":"2020-08-04T02:25:21","modified_gmt":"2020-08-04T05:25:21","slug":"a-clinica","status":"publish","type":"page","link":"https:\/\/clinicarestaure.com.br\/?page_id=15","title":{"rendered":"A Clinica"},"content":{"rendered":"<p>[vc_row][vc_column][vc_empty_space][vc_column_text]A <strong>Clinica Restaure<\/strong> est\u00e1 instalada no mesmo local desde 1998, ou seja, tem credibilidade e compromisso com seus pacientes, oferecendo a comodidade de fazer v\u00e1rios tratamentos em um \u00fanico local, com conforto, seguran\u00e7a e profissionais de alta qualidade.<\/p>\n<p><strong>Dr. Roberto Eust\u00e1quio Rabelo\u00a0<\/strong>consegue resolver os problemas relacionados a est\u00e9tica, clareamentos dentais, gengivites, periodontites, pr\u00f3teses, implantes dent\u00e1rios, onde ele faz a parte cir\u00fargica e prot\u00e9tica, enxertos \u00f3sseos, restaura\u00e7\u00f5es em geral.<\/p>\n<p><strong>Dr. Arist\u00f3teles Dornelas de Oliveira J\u00fanior<\/strong>\u00a0resolve os problemas relacionados aos canais, sendo especialista, ele trata os canais com bastante qualidade e fazemos cirurgias de apicectomia.<\/p>\n<p><strong>Dra. Viviane Machado Campos<\/strong>\u00a0\u00e9 respons\u00e1vel pelos aparelhos dent\u00e1rios. ( Est\u00e9ticos, autolig\u00e1veis, extra orais, remov\u00edveis)<\/p>\n<p><strong>Dr. Raimundo<\/strong>\u00a0acompanha os pacientes que escolhem fazer as cirurgias com mais conforto usando a seda\u00e7\u00e3o endovenosa.<\/p>\n<p>O nosso compromisso \u00e9 oferecer conforto, qualidade, rapidez e a nossa experi\u00eancia para que o paciente tenha de novo a func\u00e3o de mastiga\u00e7\u00e3o e est\u00e9tica que ele precisa!\u00a0Estamos sempre antenados com as novidades e avan\u00e7os \u00a0participando de congressos e fazendo cursos.[\/vc_column_text][vc_empty_space][\/vc_column][\/vc_row][vc_row full_width=&#8221;stretch_row_content_no_spaces&#8221; css=&#8221;.vc_custom_1455711526723{background-color: #fdfdfd !important;}&#8221;][vc_column]<div class=\"columns_wrap sc_columns columns_nofluid sc_columns_count_2\"><div class=\"column-1_2 sc_column_item sc_column_item_1 pr15i odd first\" style=\"text-align:right;\"><video class=\"sc_video\" src=\"http:\/\/dentario.themerex.net\/wp-content\/uploads\/2016\/01\/very_slim_beautiful_nurse.mp4\" width=\"100%\" height=\"\" data-width=\"100%\" data-height=\"\" data-ratio=\"16:9\" poster=\"https:\/\/clinicarestaure.com.br\/wp-content\/uploads\/2020\/08\/clinica8.jpg\" data-image=\"https:\/\/clinicarestaure.com.br\/wp-content\/uploads\/2020\/08\/clinica8.jpg\" data-class=\"w_half_full_content \" style=\"width:100%;\" autoplay=\"autoplay\" controls=\"controls\" loop=\"loop\"><\/video><\/div><div class=\"column-1_2 sc_column_item sc_column_item_2 pl15i even\">[vc_empty_space height=&#8221;30px&#8221;]<h3 class=\"sc_title sc_title_regular spec_h margin_top_huge\">Seu conforto \u00e9 nossa prioridade<\/h3>[vc_column_text]Nosso foco est\u00e1 no seu bem-estar geral, ajud\u00e1-lo a alcan\u00e7ar uma sa\u00fade bucal e est\u00e9tica ideal. Conhe\u00e7a nossos servi\u00e7os.[\/vc_column_text]<a href=\"\/services\/\" class=\"sc_button sc_button_square sc_button_style_filled sc_button_size_medium margin_top_small margin_bottom_small\" style=\"color:#ffffff;background-color:#194881; border-color:#194881;\">Servi\u00e7os<\/a><\/div><\/div>[\/vc_column][\/vc_row]<\/p>\n","protected":false},"excerpt":{"rendered":"<p>[vc_row][vc_column][vc_empty_space][vc_column_text]A Clinica Restaure est\u00e1 instalada no mesmo local desde 1998, ou seja, tem credibilidade e compromisso com seus pacientes, oferecendo a comodidade de fazer v\u00e1rios tratamentos em um \u00fanico local, [&hellip;]<\/p>\n","protected":false},"author":1,"featured_media":0,"parent":0,"menu_order":0,"comment_status":"closed","ping_status":"closed","template":"","meta":{"spay_email":""},"yst_prominent_words":[],"_links":{"self":[{"href":"https:\/\/clinicarestaure.com.br\/index.php?rest_route=\/wp\/v2\/pages\/15"}],"collection":[{"href":"https:\/\/clinicarestaure.com.br\/index.php?rest_route=\/wp\/v2\/pages"}],"about":[{"href":"https:\/\/clinicarestaure.com.br\/index.php?rest_route=\/wp\/v2\/types\/page"}],"author":[{"embeddable":true,"href":"https:\/\/clinicarestaure.com.br\/index.php?rest_route=\/wp\/v2\/users\/1"}],"replies":[{"embeddable":true,"href":"https:\/\/clinicarestaure.com.br\/index.php?rest_route=%2Fwp%2Fv2%2Fcomments&post=15"}],"version-history":[{"count":18,"href":"https:\/\/clinicarestaure.com.br\/index.php?rest_route=\/wp\/v2\/pages\/15\/revisions"}],"predecessor-version":[{"id":2864,"href":"https:\/\/clinicarestaure.com.br\/index.php?rest_route=\/wp\/v2\/pages\/15\/revisions\/2864"}],"wp:attachment":[{"href":"https:\/\/clinicarestaure.com.br\/index.php?rest_route=%2Fwp%2Fv2%2Fmedia&parent=15"}],"wp:term":[{"taxonomy":"yst_prominent_words","embeddable":true,"href":"https:\/\/clinicarestaure.com.br\/index.php?rest_route=%2Fwp%2Fv2%2Fyst_prominent_words&post=15"}],"curies":[{"name":"wp","href":"https:\/\/api.w.org\/{rel}","templated":true}]}}